 242*s + 43. Determine w(-5).
3
Let u(m) = 2063*m - 41261. Give u(20).
-1
Let v(k) = 329*k**2 + k - 1. Give v(1).
329
Let o(h) = h**2 + 51*h + 73. Calculate o(-50).
23
Let g(j) = -j**3 - 12*j**2 - j + 63. Determine g(-11).
-47
Let c(l) = l**2 + 21*l - 407. Determine c(-27).
-245
Let q(m) = 36*m - 166. Give q(4).
-22
Let u(v) = 14*v**2 + 9*v + 15. Give u(3).
168
Let n(z) = -173*z + 10220. What is n(59)?
13
Let x(s) = 105*s - 5063. Determine x(48).
-23
Let v(p) = p**2 + 331*p - 4116. Give v(12).
0
Let m(t) = 3*t**3 + t**2 - 4*t - 16. Determine m(5).
364
Let g(q) = 8*q - 33. Give g(4).
-1
Let b(c) = 2*c**2 - 7*c + 22. What is b(-6)?
136
Let x(n) = -7*n**2 + 574*n + 1146. Calculate x(-2).
-30
Let f(b) = -b**2 - 61*b - 862. What is f(-39)?
-4
Let f(j) = j**3 - 140*j**2 + 799*j + 752. What is f(134)?
82
Let t(i) = -i**3 - 39*i**2 + 44*i + 165. Give t(-40).
5
Let k(x) = 135*x - 3400. Give k(25).
-25
Let v(i) = -2*i**2 + 12*i - 34. What is v(0)?
-34
Let h(y) = y**3 - 63*y**2 + 83*y - 1294. Determine h(62).
8
Let z(b) = 341*b + 10920. Give z(-32).
8
Let a(s) = 2*s**2 + 42*s + 22. Give a(-19).
-54
Let p(t) = -10*t**3 + 9*t**2 + 17*t + 5. Calculate p(-3).
305
Let x(v) = v**3 - 3922*v**2 - 27504*v - 6. Calculate x(-7).
1
Let i(a) = -2*a**3 + 10*a + 21. Determine i(3).
-3
Let y(x) = x**3 + 8*x**2 + 7*x - 47. Determine y(-5).
-7
Let u(o) = -2*o**2 - 166*o - 622. What is u(-79)?
10
Let p(b) = -b**3 - 11*b**2 - 30*b + 59. Calculate p(-9).
167
Let g(o) = 8*o**2 + 987*o + 1312. Calculate g(-122).
-30
Let x(i) = 2467*i - 12339. Calculate x(5).
-4
Let l(k) = k**3 - 7*k**2 + 171*k - 1209. Give l(7).
-12
Let q(j) = -j**3 + 14*j**2 - 8. Determine q(14).
-8
Let b(x) = -2*x**3 - 24*x**2 + 40*x + 186. Give b(-13).
4
Let c(f) = -3*f**2 - 73*f - 24. What is c(-24)?
0
Let z(k) = -k**3 + 16*k**2 + 6*k + 5. What is z(16)?
101
Let c(o) = -o**3 - 116*o**2 + 2096*o - 2104. Calculate c(-132).
8
Let o(v) = -4*v**3 - 479*v**2 + 115*v - 599. Calculate o(-120).
1
Let d(k) = 71*k - 78. Determine d(6).
348
Let d(h) = -h**3 - 15*h**2 + 103*h + 379. Calculate d(-19).
-134
Let i(u) = u**3 + 23*u**2 + 6*u + 58. Determine i(-23).
-80
Let l(c) = -c**2 + 423*c + 13154. Calculate l(-29).
46
Let l(m) = -m**3 + 6*m**2 - 16*m + 12. Determine l(3).
-9
Let a(d) = -5*d**2 + d + 10. Give a(0).
10
Let d(k) = 62*k - 933. What is d(15)?
-3
Let q(u) = -u**3 + 2*u**2 + 140*u + 4. Determine q(0).
4
Let j(l) = -82*l + 1813. Give j(22).
9
Let w(x) = -13*x**2 + 8*x - 42. Calculate w(-4).
-282
Let a(c) = c**2 - 2*c - 1764. Calculate a(-41).
-1
Let z(w) = w**2 + 54*w + 53. Give z(-49).
-192
Let j(v) = v**3 - 13*v**2 - 10*v + 4. Determine j(14).
60
Let t(m) = m**3 - 10*m**2 - 49*m + 4. Give t(-5).
-126
Let v(d) = 115*d**3 - 6*d**2 - 9*d - 3. Calculate v(-1).
-115
Let u(q) = -5*q**3 + 2*q**2 + 88*q - 283. Calculate u(3).
-136
Let i(w) = 2*w**3 + 7*w**2 - 104*w - 441. What is i(-4)?
-41
Let z(s) = 5*s**2 - 596*s + 4048. Calculate z(112).
16
Let j(o) = 5*o**2 + 65*o + 215. Determine j(-11).
105
Let o(k) = -k**3 - 8*k**2 + 14*k + 45. What is o(-9)?
0
Let h(f) = -13*f**2 + 1243*f + 1752. Determine h(97).
6
Let h(x) = -39*x**3 + 505*x**2 + 24*x + 22. Give h(13).
-4
Let z(u) = 2*u**3 + 22*u**2 + 10*u. What is z(-4)?
184
Let t(u) = 46*u - 4103. Calculate t(91).
83
Let m(w) = w**3 - 9*w**2 - 6*w - 56. What is m(10)?
-16
Let o(q) = 3*q**3 + 28*q**2 - 14*q - 20. Calculate o(-10).
-80
Let r(n) = 6*n**2 - 6*n - 7. Determine r(3).
29
Let x(t) = -t**2 + 23*t + 119. Give x(-8).
-129
Let l(r) = r**3 + 18*r**2 + 80*r - 11. Calculate l(-9).
-2
Let g(m) = 72*m**2 - 149*m + 77. Calculate g(1).
0
Let b(x) = 1305*x + 7820. What is b(-6)?
-10
Let t(g) = 3*g**3 - 8*g**2 - 131*g + 24. Give t(8).
0
Let m(s) = -s**3 + 8*s**2 + 18*s - 188. What is m(8)?
-44
Let n(b) = -2*b**3 - b**2 + 19*b + 13. Determine n(-3).
1
Let y(g) = g**2 + 50*g + 533. Give y(-15).
8
Let g(o) = -o**3 - 77*o**2 + 146*o - 939. What is g(-79)?
9
Let o(i) = 14*i - 304. Determine o(22).
4
Let i(d) = d**3 - 194*d - 24. Give i(14).
4
Let y(s) = 17*s - 32. Calculate y(8).
104
Let z(q) = q**3 + 7*q**2 + 18*q + 129. Give z(-7).
3
Let k(g) = -139*g - 4881. Give k(-35).
-16
Let t(r) = -18*r - 99. Give t(-6).
9
Let q(v) = v**2 + 8*v + 24. Determine q(-10).
44
Let t(o) = 4*o**3 + 84*o**2 - 85*o + 76. Calculate t(-22).
10
Let c(x) = x**2 - 889*x + 10498. Determine c(12).
-26
Let q(t) = 3*t**2 + 19*t + 50. Give q(-11).
204
Let h(f) = 96*f - 9390. Calculate h(98).
18
Let f(w) = 18*w - 463. Give f(19).
-121
Let a(u) = -120*u - 18846. Give a(-157).
-6
Let k(m) = 107*m - 8282. What is k(77)?
-43
Let h(t) = 46*t**3 + 11*t**2 - 13*t - 8. Calculate h(2).
378
Let u(o) = -3*o**3 - 119*o**2 + 159*o - 204. Calculate u(-41).
1
Let u(t) = 143*t - 503. Calculate u(4).
69
Let j(u) = 5*u**2 + 10*u - 19. Determine j(8).
381
Let p(u) = 12*u + 56. What is p(-6)?
-16
Let j(w) = w**3 + 11*w**2 - 12*w - 102. Give j(-13).
-284
Let o(m) = -4*m**2 - 260*m - 36. Determine o(-63).
468
Let y(x) = x**3 + 13*x**2 - 169*x - 13. Calculate y(-21).
8
Let h(b) = -69*b + 146. Give h(10).
-544
Let s(r) = 10*r - 85. Determine s(28).
195
Let i(d) = -2028*d - 18339. Determine i(-9).
-87
Let z(m) = 9*m**2 + 16*m + 33. Determine z(-4).
113
Let j(s) = 2*s**2 - 187*s + 731. What is j(4)?
15
Let r(v) = 113*v + 1375. What is r(-12)?
19
Let z(g) = -28014*g - 168075. Calculate z(-6).
9
Let q(s) = -s**2 + 6*s + 79. Determine q(-6).
7
Let c(a) = 89*a - 1954. Calculate c(22).
4
Let b(z) = 6*z**2 + 71*z - 471. What is b(6)?
171
Let f(p) = -p**2 - 17*p + 273. Calculate f(10).
3
Let o(i) = -32*i**3 + 703*i**2 + 25*i - 54. Give o(22).
12
Let t(a) = a**2 - 31*a + 55. Calculate t(23).
-129
Let p(q) = -2*q**2 - 56*q + 216. What is p(-30)?
96
Let f(z) = -21*z**2 - 187*z - 29. Determine f(-9).
-47
Let m(s) = -s**2 - 14*s + 44. Calculate m(-8).
92
Let t(b) = 14*b**3 + 29*b**2 + 36*b + 8. What is t(-1)?
-13
Let x(l) = -l**3 + l**2 + 9*l - 7. Calculate x(3).
2
Let s(l) = 3*l**2 + 9*l + 92. What is s(0)?
92
Let u(p) = -38*p + 1819. Determine u(48).
-5
Let d(a) = a**3 + 35*a**2 + 97*a + 34. Determine d(-33).
-989
Let n(c) = -3*c**2 + 44*c + 332. Determine n(21).
-67
Let b(o) = 74*o - 285. Determine b(4).
11
Let o(s) = s**3 + 36*s**2 + 78*s - 698. Determine o(-33).
-5
Let m(x) = 86*x - 2386. What is m(28)?
22
Let p(g) = 34*g**2 - 1526*g - 163. What is p(45)?
17
Let t(s) = 9*s**2 + 69*s + 117. Give t(-3).
-9
Let n(h) = h**2 + 19*h - 3. Determine n(-16).
-51
Let s(t) = 27*t**2 - 329*t - 29. Give s(12).
-89
Let n(w) = w**2 - 19*w + 87. What is n(13)?
9
Let o(n) = 26*n**3 + 2966*n**2 + 227*n - 93. Determine o(-114).
21
Let l(g) = -92*g - 1351. What is l(-15)?
29
Let u(x) = x**3 + 17*x**2 - 65*x + 391. What is u(-21)?
-8
Let v(q) = q**3 + 12*q**2 - 128*q + 26. Determine v(-19).
-69
Let t(u) = u**3 - 3*u**2 - 14*u + 24. What is t(8)?
232
Let q(i) = 4*i**2 + 57*i + 283. Give q(-5).
98
Let p(t) = -129*t + 7732. Give p(59).
121
Let i(z) = -10*z + 95. Determine i(0).
95
Let y(d) = 5317*d - 26580. Give y(5).
5
Let y(i) = i**3 + 78*i**2 - 161*i - 63. What is y(-80)?
17
Let m(h) = h**2 - 470*h - 4324. Calculate m(-9).
-13
Let s(o) = o**3 + 5*o**2 - 7*o - 8. What is s(-6)?
-2
Let w(v) = 64*v**2 - 30*v + 7. Determine w(-2).
323
Let j(l) = -l**2 + 2*l + 75. Calculate j(15).
-120
Let o(q) = 34*q + 583. Determine o(-23).
-199
Let v(c) = c**3 + 174*c**2 - 533*c - 116. Calculate v(-177).
238
Let q(p) = -392*p + 1845. Give q(5).
-115
Let x(s) = -s**3 + 3*s**2 - 54*s + 242. Determine x(4).
10
Let r(d) = 439*d - 5271. Calculate r(12).
-3
Let l(t) = t**3 - 38*t**2 + 144*t - 21. What is l(4)?
11
Let a(m) = 120*m**2 + 1000*m + 317. Calculate a(-8).
-3
Let r(s) = 2*s**3 + 7*s**2 + 68*s + 182. Calculate r(-3).
-13
Let m(y) = -911*y - 2731. What is m(-3)?
2
Let l(x) = -98*x + 373. What is l(3)?
79
Let d(u) = -284*u**2 + 93*u - 182. Calculate d(2).
-1132
Let j(g) = 7*g**2 - 6*g + 6. Determine j(4).
94
Let a(v) = -v**3 - 99*v**2 - 1118*v - 8. Calculate a(-86).
-8
Let g(n) = n**3 - 14*n**2 - n - 170. Give g(0).
-170
Let u(x) = -x**3 + 3*x**2 - 5*x - 294. What is u(0)?
-294
Let g(v) = v**3 - 11*v**2 - 47*v + 292. Determine g(4).
-8
Let g(b) = b**3 + 30*b**2 - 72*b + 17. Calculate g(-32).
273
Let x(d) = 736*d - 27227. Determine x(37).
5
Let n(t) = t**3 - 47*t**2 - 116*t + 